. Let b be j(-3). Let i be y(b). What is the highest common divisor of i and 2?
2
Suppose 3*z + 18 = -4*c + 4, 5*z - 25 = 3*c. Suppose 0 = z*r + 156 - 282. What is the greatest common factor of r and 7?
7
Let j = -3 + 4. Let z be 2 + (1 - j)/(-2). Let t be z/11 - 3459/(-33). Calculate the highest common divisor of 21 and t.
21
Suppose p + 818 = 41*q - 40*q, 4*q + p - 3257 = 0. What is the greatest common factor of 10 and q?
5
Let j = 18227 + -17672. Let u be 5/(4/24*2). Calculate the highest common divisor of u and j.
15
Suppose -21*g + 8*g = -1833. Let w = -79 - -82. Suppose 5*u + 74 = j, -4 - 298 = -w*j - 5*u. What is the highest common divisor of g and j?
47
Suppose -2*x + 74 = -2*v, 5*v + x + 177 = 22. Let j be 134 + 6 + v/4. What is the greatest common divisor of 176 and j?
44
Let u be 2029 + (-3)/(5 - 1 - 7). What is the highest common factor of u and 28?
14
Let b be 6/4 + (4 - (-1845)/2). Suppose 222 = 4*t + 5*i, -4*i - 178 = -3*t + 4. Calculate the highest common factor of b and t.
58
Suppose -5*q + 25 = 0, -4*t + 3*q + 572 - 203 = 0. Calculate the highest common factor of t and 464.
16
Let u be (-24)/4*10/(-15). Suppose -2*y = u*j - 252, -378 = -3*y - 41*j + 36*j. Calculate the greatest common factor of 18 and y.
18
Suppose -3*l - 2*l + 4*s = -2050, -3*s + 410 = l. Let u = l + -408. What is the greatest common factor of u and 9?
1
Let y be (-39867)/97 - (-4 - -1). Let z = y + 618. What is the highest common factor of z and 30?
30
Let q be (2 + -1)/(2/116). Let k(j) = -j**3 - j**2 + 12*j - 7. Let h be k(-7). Suppose 0 = 10*z - h - 667. What is the highest common divisor of z and q?
29
Let f be (12/4)/((-11)/(-99)). Suppose -f*q = -16*q - 4455. Calculate the highest common divisor of q and 90.
45
Suppose -857 = -5*y + 3*s, 0 = -2*y - 2*s + 6*s + 340. Let m = y - -139. Let w = m - 104. What is the greatest common factor of w and 23?
23
Let l be (-7)/42*-4 - (-1882)/(-6). Let d = -123 - l. Calculate the highest common divisor of 19 and d.
19
Let j be (-3 - -1)*-2 + (-1 - 6). Let k be 1 - j*122/6. Suppose 36 = d - k. What is the highest common divisor of 14 and d?
14
Let h(g) = 6*g - 38. Let y be h(5). Let x(n) = -23*n - 162. Let s be x(y). What is the highest common divisor of 22 and s?
22
Let v = -448 - -497. Let h = 515 + -221. Calculate the greatest common divisor of h and v.
49
Suppose 2*m - 2402 = 5*n, 3*m = -13*n + 14*n + 3577. Let b = -786 + m. Calculate the highest common divisor of b and 45.
45
Suppose 49*n - 715 - 265 = 0. What is the greatest common divisor of 76 and n?
4
Let g = 2832 - 1618. Calculate the highest common factor of 6 and g.
2
Let n(i) = -i**3 - 10*i**2 + 11*i + 26. Let o be n(-12). Let d = o + -136. Calculate the highest common factor of d and 23.
23
Let c be (-2)/(-12) + 245/42. Let a be ((-4)/5)/((-4)/10). Suppose c*u - a*u = 448. What is the highest common divisor of u and 14?
14
Suppose -2*m - 3331 = -3*y, 12 = 125*m - 122*m. What is the greatest common divisor of y and 84?
21
Suppose -3782*d + 3786*d - 192 = 0. Calculate the greatest common factor of 3264 and d.
48
Let i(y) = -y**2 + 16*y + 20. Let u be i(13). Suppose 0 = -u*t + 55*t + 196. What is the highest common divisor of t and 392?
49
Let v(y) = y**3 + 38*y**2 + 53*y + 603. Let s be v(-37). Let r = 44 - 43. Calculate the highest common factor of s and r.
1
Suppose 7*r = 11 + 17. Suppose 56 = r*q - 2*m, q = -0*q + 5*m + 14. Let h(z) = -z**3 + 2*z + 3. Let x be h(-2). Calculate the highest common factor of x and q.
7
Suppose -3*d = d - 8. Suppose 4*t = -3*j + 7*j - 40, 4*j + d = t. Let o be t/((-6)/(-88) - 7/28). Calculate the highest common factor of o and 7.
7
Suppose -4*k + 561 - 1 = 0. Suppose -25 = -0*r - 5*r, -4*w = -r - 183. Suppose w*m + 1008 = 65*m. What is the greatest common divisor of k and m?
28
Let y = -1334 + 1409. Let c(o) = o - 5. Let k be c(5). Suppose -60 = -4*m - k. Calculate the greatest common divisor of y and m.
15
Suppose -29*y + 872 + 636 = 0. Let z be -3 - 1 - (-105)/(-7). Let m = 23 + z. Calculate the highest common divisor of y and m.
4
Suppose 307*f - 8800 + 7925 = 15703. What is the greatest common factor of 567 and f?
27
Let b be ((-9)/(-4))/(3/2)*64168/3702. What is the greatest common divisor of 26 and b?
26
Let b be -3*1*(-52)/(-156)*1*-176. Let j = 100 + -68. What is the greatest common divisor of j and b?
16
Let f = 1332 + 831. Calculate the greatest common divisor of f and 21.
21
Let w = -5322 + 5338. Suppose 864 = 9*t - 6*t. What is the highest common divisor of t and w?
16
Let w(o) = 7*o**2 - 17*o - 87. Let s be 0 - (-18)/9 - (14 - 0). Let v be w(s). Calculate the greatest common divisor of 15 and v.
15
Let n(z) = -z + 21. Let s be n(-7). Let f(w) = -w**3 + 29*w**2 - 23*w - 50. Let p be f(s). Calculate the greatest common factor of p and 40.
10
Suppose 2*o = 2*t + 14, -12 = 3*t + 3*o + 3. Let j be (t*(4 + -5))/((-1)/(-12)). What is the highest common factor of 126 and j?
18
Let i be 1/(-4) + (-325)/(-20). Suppose 91 = 5*d + i. Suppose -5*f = -d, -5*k + 89 + 88 = 4*f. Calculate the greatest common divisor of 11 and k.
11
Suppose 815*o = 823*o - 1104. Calculate the greatest common divisor of 1311 and o.
69
Let d = 176 - 100. Let o = d - 46. What is the highest common divisor of 10 and o?
10
Let i be 8097/5 - 81/(-135). What is the highest common factor of i and 240?
60
Let z(k) = -30*k**2 - 22*k. Let q be z(-1). Let j be (-6)/(-27) - (-440)/(-36). Let u be (234/j)/(6/q). Calculate the highest common divisor of 130 and u.
26
Let d = 11518 + -7915. What is the highest common factor of d and 6?
3
Let j be 2*6*90/24. Let w be (-1)/2*-4 - j/15. Let k be (-27)/(15/10*w). What is the greatest common divisor of k and 30?
6
Let v = 72 + -39. Let f = 6 - -42. Let x be 18/f - 84/(-32). Calculate the greatest common divisor of v and x.
3
Suppose 83 + 19 = 2*z. Let h = -45227 - -45482. What is the highest common divisor of h and z?
51
Let o be 4 + -4 - 1 - (-20)/4. Suppose 0 = -2*f + o. Let s be (4/2)/(1/5). Calculate the greatest common divisor of s and f.
2
Suppose 0 = 2*c - 4*c + 88. Suppose 0 = -u - 7*g + 3*g + 40, 0 = -5*u - 5*g + 170. Suppose 0 = u*k - 19*k - 858. What is the highest common divisor of k and c?
22
Suppose -h + 4*r + 19 = 0, 3*h = -2*r + 3*r + 13. Let p be h - 2 - 0 - -1. Suppose -5*c = -7 + p. Calculate the highest common factor of 11 and c.
1
Let z = 2245 + -2170. Let q = -136 - -236. Calculate the highest common factor of q and z.
25
Let w be (-4)/3*261/(-116). Suppose 126 = 4*x - w*m, x + m = -3*m + 22. What is the greatest common factor of x and 195?
15
Let r be (-218 + 156)/((-4)/28). Let v = 37 - 23. What is the greatest common factor of r and v?
14
Let i be (-15)/(-25) - (-7821)/(-110)*-4. Calculate the highest common divisor of i and 475.
95
Let p be (-2*(-2)/(-3))/((1748/54717)/(-38)). Calculate the greatest common factor of p and 122.
122
Suppose 282 = 4*o + 58. Suppose 5*l = -25, -5*r = -3*l - l - 30. Suppose 2*m - 4*b = 40, -59 = -2*m - r*m + b. Calculate the highest common factor of m and o.
14
Suppose -2*d = d - 1080. Let s be (90/(-3))/(-5) - 1. Suppose -s*t = -0*t - d. Calculate the greatest common factor of 24 and t.
24
Let b(x) = 38*x**2 - 82*x - 79. Let h(m) = 17*m**2 - 41*m - 40. Let n(r) = 4*b(r) - 9*h(r). Let d be n(40). What is the highest common factor of d and 147?
21
Let k(u) be the third derivative of 7*u**5/30 + u**4/8 - u**3/3 + 12*u**2. Let w be k(2). Calculate the highest common divisor of w and 30.
30
Let a(h) be the second derivative of -h**5/20 + 4*h**4/3 - 8*h**3/3 + 17*h**2/2 + 6*h. Let z be a(15). Calculate the greatest common factor of 2 and z.
2
Suppose 2*k - 646 = -2*j + 646, 6*j + k - 3871 = 0. Calculate the greatest common factor of j and 90.
15
Let y(c) = -127*c**3 + 6*c + 5. Let u be y(-1). What is the highest common factor of u and 282?
6
Suppose -3*l = -5*l + 4. Suppose z - 4*b + 14 = -l*z, -5*z - 5*b - 35 = 0. Let j be z/(-2) + (0/(-2) - 2). Calculate the highest common divisor of 2 and j.
1
Let m(t) = t**2 + 8*t - 11. Let i be m(-5). Let k = 37 + i. What is the highest common divisor of 231 and k?
11
Suppose -4*o - 4 = 0, 2*z - 2018 = -z - o. Let q = -299 + z. Calculate the highest common divisor of q and 34.
34
Let o be -2 - 39/3*-5. Suppose -39*q + 37*q